 the prime factors of 12902459.
1601, 8059
What are the prime factors of 366960179?
199, 1844021
List the prime factors of 1218403048.
2, 152300381
List the prime factors of 192508575.
3, 5, 7, 366683
What are the prime factors of 12669876?
2, 3, 353, 997
List the prime factors of 1904347240.
2, 5, 53, 89, 10093
List the prime factors of 23739451.
41, 579011
List the prime factors of 76010761.
41, 449, 4129
What are the prime factors of 235436027?
23, 61, 167809
What are the prime factors of 65453474?
2, 3359, 9743
What are the prime factors of 108734333?
4391, 24763
List the prime factors of 1675884437.
3089, 542533
What are the prime factors of 136650492?
2, 3, 11, 61, 5657
List the prime factors of 132942635.
5, 7, 17, 59, 541
What are the prime factors of 342300353?
342300353
List the prime factors of 499842795.
3, 5, 1153, 28901
List the prime factors of 1217864291.
7, 659, 264007
What are the prime factors of 166811983?
13, 1879, 6829
What are the prime factors of 1831052212?
2, 11, 1279, 32537
What are the prime factors of 60351456?
2, 3, 11, 67, 853
What are the prime factors of 205177580?
2, 5, 19, 37, 14593
What are the prime factors of 32462990?
2, 5, 7, 97, 683
What are the prime factors of 26489882?
2, 23, 575867
What are the prime factors of 590889013?
11, 13, 67, 61673
List the prime factors of 7724828060.
2, 5, 10667, 36209
List the prime factors of 1205866552.
2, 11, 683, 20063
What are the prime factors of 455595907?
13, 35045839
List the prime factors of 1186156167.
3, 7, 233, 242419
List the prime factors of 806788113.
3, 31, 1093, 7937
What are the prime factors of 112699309?
83, 1357823
List the prime factors of 1180357573.
271, 1609, 2707
List the prime factors of 14815238.
2, 167, 44357
What are the prime factors of 60659427?
3, 20219809
List the prime factors of 33638167.
23, 71, 20599
List the prime factors of 173566159.
13, 19, 47, 14951
List the prime factors of 1159700119.
67, 73, 127, 1867
What are the prime factors of 2583790338?
2, 3, 10799, 39877
List the prime factors of 1103102050.
2, 5, 22062041
List the prime factors of 65068919.
5441, 11959
What are the prime factors of 4752919092?
2, 3, 17, 463, 50321
What are the prime factors of 224572017?
3, 73, 1025443
List the prime factors of 107780085.
3, 5, 7, 17, 6709
List the prime factors of 847800679.
11, 31, 2486219
List the prime factors of 8414785.
5, 29, 131, 443
List the prime factors of 6167353320.
2, 3, 5, 17131537
List the prime factors of 441911497.
441911497
List the prime factors of 38747023.
7, 19, 291331
List the prime factors of 185981675.
5, 11, 676297
What are the prime factors of 329927791?
329927791
What are the prime factors of 61862812?
2, 11, 167, 8419
What are the prime factors of 3563913222?
2, 3, 65998393
List the prime factors of 18157528.
2, 37, 61343
What are the prime factors of 2954580981?
3, 11, 179, 197, 2539
List the prime factors of 104453079.
3, 107, 139, 2341
What are the prime factors of 1484201038?
2, 742100519
List the prime factors of 1200034505.
5, 17, 37, 381569
What are the prime factors of 1155775427?
1155775427
What are the prime factors of 144528549?
3, 11, 37, 118369
List the prime factors of 40189352.
2, 7, 717667
What are the prime factors of 231537619?
23, 41, 245533
List the prime factors of 104052181.
5903, 17627
List the prime factors of 3153152095.
5, 17, 239, 269, 577
List the prime factors of 600931662.
2, 3, 100155277
List the prime factors of 84914483.
1307, 64969
What are the prime factors of 34587602?
2, 7, 239, 10337
What are the prime factors of 105209129?
29, 3627901
List the prime factors of 55643353.
55643353
What are the prime factors of 95385283?
7, 17, 801557
List the prime factors of 2075192178.
2, 3, 5227, 66169
List the prime factors of 261386051.
2467, 105953
What are the prime factors of 149446595?
5, 29889319
What are the prime factors of 464728880?
2, 5, 7, 11, 37, 2039
What are the prime factors of 574463825?
5, 13, 59, 29959
List the prime factors of 1267606434.
2, 3, 211267739
List the prime factors of 451231910.
2, 5, 45123191
List the prime factors of 257273695.
5, 7, 7350677
What are the prime factors of 6390833580?
2, 3, 5, 101, 139, 281
What are the prime factors of 131318005?
5, 7, 13, 257, 1123
List the prime factors of 437159822.
2, 11, 947, 20983
What are the prime factors of 422729137?
101, 4185437
What are the prime factors of 528478416?
2, 3, 1847, 1987
List the prime factors of 3504949875.
3, 5, 7, 23, 37, 523
List the prime factors of 47655742.
2, 31, 768641
List the prime factors of 289158716.
2, 7, 11, 938827
List the prime factors of 4064983781.
17, 239116693
What are the prime factors of 170229607?
19, 8959453
List the prime factors of 13199025.
3, 5, 7, 31, 811
What are the prime factors of 2706477?
3, 271, 3329
What are the prime factors of 404142351?
3, 134714117
List the prime factors of 211896893.
13, 16299761
What are the prime factors of 136464891?
3, 151, 301247
What are the prime factors of 2873978074?
2, 11, 130635367
What are the prime factors of 94655565?
3, 5, 29, 72533
What are the prime factors of 4705941628?
2, 71, 2833, 5849
What are the prime factors of 30864053?
11, 103, 27241
What are the prime factors of 5649584431?
19, 829, 358681
What are the prime factors of 269506242?
2, 3, 829, 18061
List the prime factors of 870931073.
43, 293, 69127
List the prime factors of 7510976032.
2, 7, 19, 1291, 1367
What are the prime factors of 17410473?
3, 389, 4973
What are the prime factors of 4211299423?
4211299423
List the prime factors of 50935221.
3, 5659469
List the prime factors of 3777870013.
3777870013
What are the prime factors of 209481544?
2, 991, 26423
List the prime factors of 975946388.
2, 67, 3641591
What are the prime factors of 42947833?
42947833
List the prime factors of 43103237.
31, 953, 1459
List the prime factors of 1457989092.
2, 3, 7, 19, 101503
List the prime factors of 1718107242.
2, 3, 4349, 65843
What are the prime factors of 325183547?
13, 1009, 1907
List the prime factors of 532530185.
5, 11, 17, 33503
What are the prime factors of 1025740950?
2, 3, 5, 13, 103, 5107
What are the prime factors of 6026184592?
2, 41, 9186257
List the prime factors of 597365336.
2, 74670667
What are the prime factors of 88673352?
2, 3, 3694723
What are the prime factors of 44666471?
239, 186889
List the prime factors of 2616820801.
7, 71, 193, 27281
List the prime factors of 126046095.
3, 5, 7, 19, 23, 41, 67
List the prime factors of 242540986.
2, 1901, 63793
What are the prime factors of 187023934?
2, 67, 367, 3803
List the prime factors of 715560982.
2, 37, 103, 269, 349
What are the prime factors of 72633166?
2, 2543, 14281
List the prime factors of 8064525874.
2, 79, 97, 526199
List the prime factors of 111568252.
2, 3449, 8087
What are the prime factors of 48120669?
3, 23, 77489
What are the prime factors of 2795422909?
2795422909
What are the prime factors of 55084672?
2, 337, 1277
List the prime factors of 247356731.
41, 6033091
List the prime factors of 10756171.
1277, 8423
List the prime factors of 92561726.
2, 4273, 10831
What are the prime factors of 105813221?
105813221
List the prime factors of 94144366.
2, 1511, 31153
What are the prime factors of 155400725?
5, 6216029
What are the prime factors of 2022120655?
5, 373, 1084247
List the prime factors of 13970048.
2, 109141
What are the prime factors of 443408528?
2, 47, 589639
List the prime factors of 24897811.
733, 33967
What are the prime factors of 365870764?
2, 7, 19, 197, 3491
List the prime factors of 41452809.
3, 109, 1163
What are the prime factors of 1574244308?
2, 7, 13, 4324847
What are the prime factors of 77537292?
2, 3, 7, 151, 6113
What are the prime factors of 1463456853?
3, 313, 519509
What are the prime factors of 641312745?
3, 5, 1019, 41957
What are the prime factors of 208952806?
2, 337, 310019
What are the prime factors of 2633146963?
8681, 303323
List the prime factors of 27503142.
2, 3, 4583857
List the prime factors of 98469048.
2, 3, 71, 57787
What are the prime factors of 172575250?
2, 5, 67, 10303
What are the prime factors of 3076547917?
223, 13796179
List the prime factors of 4895133884.
2, 17, 23, 193, 16217
List the prime factors of 237116767.
241, 659